
What is the units digit of 326702909?
9
What is the hundreds digit of 567914721?
7
What is the thousands digit of 35448652?
8
What is the millions digit of 2688167460?
8
What is the units digit of 5110057?
7
What is the thousands digit of 488971975?
1
What is the units digit of 928174011?
1
What is the ten millions digit of 111349992?
1
What is the ten millions digit of 122144698?
2
What is the hundred thousands digit of 1037281697?
2
What is the ten millions digit of 178998190?
7
What is the hundred millions digit of 249935331?
2
What is the billions digit of 2463097276?
2
What is the ten millions digit of 1929908167?
2
What is the ten thousands digit of 29879142?
7
What is the thousands digit of 393488757?
8
What is the hundreds digit of 3747766?
7
What is the hundreds digit of 29407899?
8
What is the millions digit of 24325718?
4
What is the thousands digit of 989555423?
5
What is the ten thousands digit of 290396329?
9
What is the hundreds digit of 196621354?
3
What is the hundred millions digit of 982052075?
9
What is the hundred millions digit of 127776222?
1
What is the hundred millions digit of 634327961?
6
What is the hundreds digit of 34070280?
2
What is the tens digit of 211270561?
6
What is the hundred thousands digit of 135666822?
6
What is the ten millions digit of 55545507?
5
What is the units digit of 82581925?
5
What is the thousands digit of 4685429180?
9
What is the hundred millions digit of 331312697?
3
What is the millions digit of 120439695?
0
What is the ten thousands digit of 55854708?
5
What is the thousands digit of 129289209?
9
What is the tens digit of 10292701?
0
What is the hundred thousands digit of 32093040?
0
What is the hundred thousands digit of 201428350?
4
What is the ten thousands digit of 2054537010?
3
What is the millions digit of 1355952800?
5
What is the tens digit of 33081389?
8
What is the hundreds digit of 25467635?
6
What is the hundreds digit of 1217325210?
2
What is the units digit of 808863423?
3
What is the units digit of 203194510?
0
What is the tens digit of 1812752687?
8
What is the units digit of 4530197715?
5
What is the thousands digit of 27072560?
2
What is the hundreds digit of 36900491?
4
What is the thousands digit of 568373009?
3
What is the tens digit of 95140923?
2
What is the thousands digit of 2849458986?
8
What is the ten thousands digit of 2162133?
6
What is the hundred thousands digit of 16025399?
0
What is the thousands digit of 2661944840?
4
What is the hundred thousands digit of 3510027262?
0
What is the hundreds digit of 23658069?
0
What is the ten thousands digit of 28526096?
2
What is the units digit of 4307005163?
3
What is the hundred millions digit of 313880892?
3
What is the hundred thousands digit of 202463905?
4
What is the units digit of 988341874?
4
What is the tens digit of 81380626?
2
What is the tens digit of 226233654?
5
What is the ten thousands digit of 97228537?
2
What is the hundred thousands digit of 59072715?
0
What is the ten millions digit of 121085570?
2
What is the units digit of 55846354?
4
What is the ten thousands digit of 79775835?
7
What is the hundreds digit of 3197785878?
8
What is the units digit of 2964833061?
1
What is the ten millions digit of 1220672202?
2
What is the ten thousands digit of 261841479?
4
What is the hundred millions digit of 1466909047?
4
What is the billions digit of 4113931409?
4
What is the tens digit of 212697749?
4
What is the ten thousands digit of 91961230?
6
What is the ten millions digit of 20436324?
2
What is the hundred thousands digit of 1900429809?
4
What is the hundred millions digit of 1166262548?
1
What is the hundreds digit of 2472864007?
0
What is the billions digit of 5593676599?
5
What is the units digit of 169163110?
0
What is the ten thousands digit of 20958417?
5
What is the tens digit of 47474802?
0
What is the hundreds digit of 31844444?
4
What is the hundred thousands digit of 28275600?
2
What is the billions digit of 3981403132?
3
What is the hundred millions digit of 227481289?
2
What is the thousands digit of 1531359840?
9
What is the units digit of 7938751326?
6
What is the hundreds digit of 444512743?
7
What is the hundred millions digit of 966128965?
9
What is the hundred thousands digit of 6730176196?
1
What is the hundreds digit of 130722778?
7
What is the thousands digit of 1038045898?
5
What is the hundred millions digit of 222122045?
2
What is the millions digit of 26834358?
6
What is the ten millions digit of 18684138?
1
What is the ten thousands digit of 3110430222?
3
What is the millions digit of 13464889?
3
What is the units digit of 4593619?
9
What is the millions digit of 704664783?
4
What is the units digit of 193825779?
9
What is the tens digit of 28074159?
5
What is the thousands digit of 111800420?
0
What is the hundred thousands digit of 873032814?
0
What is the millions digit of 32055472?
2
What is the tens digit of 272716261?
6
What is the ten thousands digit of 117830063?
3
What is the units digit of 95652323?
3
What is the tens digit of 815302744?
4
What is the hundred thousands digit of 24581314?
5
What is the millions digit of 2327396302?
7
What is the units digit of 5578092?
2
What is the hundred thousands digit of 314012982?
0
What is the thousands digit of 49070559?
0
What is the hundred millions digit of 888154970?
8
What is the millions digit of 34958343?
4
What is the ten thousands digit of 213376229?
7
What is the units digit of 22520630?
0
What is the ten millions digit of 66641074?
6
What is the hundreds digit of 433420693?
6
What is the tens digit of 470200138?
3
What is the millions digit of 14858530?
4
What is the ten millions digit of 1652670613?
5
What is the hundreds digit of 63941910?
9
What is the ten thousands digit of 764595033?
9
What is the hundred thousands digit of 15291817?
2
What is the ten thousands digit of 828848597?
4
What is the hundred thousands digit of 291507532?
5
What is the millions digit of 17305296?
7
What is the tens digit of 28358490?
9
What is the ten thousands digit of 309360424?
6
What is the millions digit of 12513562?
2
What is the millions digit of 548645636?
8
What is the ten millions digit of 929614459?
2
What is the ten thousands digit of 106800616?
0
What is the units digit of 14034568?
8
What is the hundred millions digit of 676682900?
6
What is the tens digit of 1252069786?
8
What is the ten millions digit of 243076778?
4
What is the hundreds digit of 315880873?
8
What is the units digit of 41672049?
9
What is the ten millions digit of 22535427?
2
What is the ten thousands digit of 139493785?
9
What is the hundred thousands digit of 112671066?
6
What is the hundreds digit of 438410246?
2
What is the hundred millions digit of 373070522?
3
What is the hundreds digit of 1184779675?
6
What is the ten thousands digit of 68642797?
4
What is the billions digit of 1302234771?
1
What is the hundred thousands digit of 1353793018?
7
What is the hundreds digit of 639628723?
7
What is the ten thousands digit of 449817220?
1
What is the millions digit of 779866866?
9
What is the hundred millions digit of 615787966?
6
What is the units digit of 1324328274?
4
What is the thousands digit of 22436388?
6
What is the hundreds digit of 100237051?
0
What is the millions digit of 257539303?
7
What is the thousands digit of 23137221?
7
What is the ten thousands digit of 4124735963?
3
What is the ten thousands digit of 15813948?
1
What is the hundreds digit of 552851315?
3
What is the hundred millions digit of 329445382?
3
What is the millions digit of 45416931?
5
What is the hundred millions digit of 1656395152?
6
What is the hundred thousands digit of 71228951?
2
What is the units digit of 346819192?
2
What is the ten millions digit of 6532433307?
3
What is the ten thousands digit of 295003336?
0
What is the hundreds digit of 29548328?
3
What is the units digit of 357332117?
7
What is the hundred thousands digit of 1192851648?
8
What is the ten thousands digit of 31172000?
7
What is the ten millions digit of 23453802?
2
What is the millions digit of 428966981?
8
What is the tens digit of 17506407?
0
What is the ten thousands digit of 209485596?
8
What is the hundred thousands digit of 193354576?
3
What is the units digit of 49032265?
